mon factor of 16 and l?
2
Suppose 5*d - 16 - 14 = 0. Calculate the highest common factor of 114 and d.
6
Let p be 2*-1 - 3/(-1). Suppose -3 + p = -2*s. What is the greatest common factor of s and 11?
1
Suppose 171 = 2*f - 71. What is the greatest common divisor of 11 and f?
11
Let q(n) = -n**2 + 6*n - 5. Let r be q(4). Suppose -7*d = -r*d - 16. Suppose l + d*o + 3 = 0, 10 = 2*l + o + 3*o. What is the highest common factor of l and 65?
13
Let q = 286 - 122. Let y = q - 117. Suppose 2*o = 4*u + 8, 5*o + 2*u - y = 3*u. Calculate the highest common divisor of o and 80.
10
Suppose i = 83 - 23. Let y = 147 - -89. Let r = y - i. What is the greatest common factor of r and 16?
16
Let o(i) = i + 2. Let g be 3/(-6)*0*1. Let x be o(g). Suppose -3*f = -2*f - 4. Calculate the highest common factor of x and f.
2
Suppose -3*s + 4*n + 124 - 11 = 0, -5*s = 2*n - 145. Suppose -2*o + d + s = -0*d, 5*o + 2*d = 73. Calculate the greatest common factor of 6 and o.
3
Let s(n) = 3*n**2 - 1. Let p be s(1). Suppose -p = 2*f - 12. What is the greatest common factor of f and 10?
5
Suppose 0 = 15*m - 14*m - 12. Calculate the greatest common divisor of 96 and m.
12
Suppose 0 = -4*i - 14 + 70. Suppose -4*a + 26 = -i. What is the greatest common divisor of 70 and a?
10
Suppose 2*c + 7 = -5*t, -3*t - 23 = -5*c - 2*t. Let v be (20/2)/(2 + -1). Calculate the highest common factor of v and c.
2
Let m(h) = -13*h - 31. Let b be m(-11). What is the greatest common divisor of 28 and b?
28
Let k(l) be the third derivative of -l**6/120 - 7*l**5/60 - l**4/4 + 2*l**3/3 - l**2. Let v be k(-6). What is the greatest common divisor of 36 and v?
4
Suppose 3*l - 2 = 1. Let d be -1*2 - -79 - l. Suppose 4*u - j = d, 3*u - 10 = -2*j + 36. Calculate the highest common divisor of u and 27.
9
Suppose 0 = -j + 4*s + 70, -s + 2*s + 350 = 5*j. Let c = j + -22. Calculate the highest common factor of 8 and c.
8
Suppose 0 = -5*d + d - 4. Let h(q) = 11*q. Let g be h(d). Let o = 0 - g. Calculate the greatest common divisor of o and 33.
11
Let s be -1 + 68 + (2 - 3). Calculate the highest common factor of s and 33.
33
Suppose -4*q + 0*q = -56. Calculate the highest common divisor of 21 and q.
7
Let b be 17 + 1 + 2 + -4. Let z(o) = 25*o**2 + o. Let k be z(-1). Calculate the highest common factor of k and b.
8
Let t be ((-3)/2)/(((-3)/8)/1). What is the highest common factor of 36 and t?
4
Suppose -31*n + 30*n + 54 = 0. Calculate the highest common divisor of 6 and n.
6
Let t = 104 - 74. Let v(b) = -b**3 - 12*b**2 - 12*b - 5. Let p be 147/(-14) + (-1)/2. Let j be v(p). Calculate the highest common factor of j and t.
6
Let n be 4/14 + (-38)/(-14). Suppose 55 - 7 = 3*c. Suppose p - c = 8. What is the highest common divisor of n and p?
3
Let s = -4 + 0. Let y = -1 - s. Suppose y*h - 2*h - 2 = 0. Calculate the greatest common factor of h and 3.
1
Let c(b) = -b**3 - 7*b**2 + 7*b - 4. Let g be -1*(-1 + 0)*-8. Let x be c(g). Let w be 79/4 - (-1)/x. Calculate the highest common divisor of 8 and w.
4
Suppose o - 6*o + 25 = 0. Suppose o*w + 1 - 11 = 0. Suppose 8 = w*s - 16. What is the highest common divisor of s and 6?
6
Let s(k) = 5*k**2 + 0 - k**3 + 2*k**2 + 4 + 8*k. Let w be s(8). Suppose 2*h = -4*a + 50, w*h - 3*h - 64 = -5*a. What is the highest common divisor of 13 and a?
13
Let s(p) = p**3 - 5*p**2 - 5*p - 2. Let f be s(6). Let l be 309/4 + (-1)/f. What is the greatest common divisor of l and 7?
7
Let i = 33 - 20. Let b(v) = 3*v - v**2 + v**2 + v**2 - 2. Let q be b(4). Calculate the greatest common divisor of i and q.
13
Let s = -131 + 298. Let v = -95 + s. What is the highest common divisor of 9 and v?
9
Suppose -4*k = 3*w - 59, -5*w + 4*k + 56 = -53. Calculate the greatest common divisor of 3 and w.
3
Suppose -2*z + 8 = -0*z. What is the greatest common divisor of z and 1?
1
Suppose y - 214 = -3*y + 3*d, -y = -4*d - 47. Calculate the greatest common factor of y and 22.
11
Let b(d) = 12*d - 4. Let n be b(3). Let z = 40 + -36. Calculate the greatest common divisor of z and n.
4
Let k(w) be the third derivative of 61*w**5/60 + w**4/6 - w**3/2 + w**2. Let n be k(2). Let q = 359 - n. What is the highest common factor of 22 and q?
22
Suppose -366 = -3*k + 3*d, -4*k = -3*d - 321 - 165. Let y(w) = -w**3 + 6*w**2 - 5*w + 3. Let n be y(4). What is the highest common divisor of n and k?
15
Let x(g) = -g + 6. Let d be x(3). What is the highest common factor of d and 27?
3
Let r be ((-7)/3)/(5/(-225)). Calculate the greatest common divisor of r and 15.
15
Suppose -20 = -3*n - 4*u, 0*u - 3*u + 15 = -2*n. Suppose n = -d - d + 8. Calculate the highest common factor of 6 and d.
2
Let w(t) = 3*t + 69. Let g be w(-22). What is the highest common factor of g and 1?
1
Let k = 10 - 6. Suppose -3*p + 2*g = -0*g - 35, k*p - 2*g - 46 = 0. What is the greatest common divisor of 99 and p?
11
Suppose 4*w - 134 = 70. What is the highest common factor of 17 and w?
17
Let b(c) = -c**2 + c - 3. Let f be b(3). Let k(d) = -d**3 - 10*d**2 - 12*d - 10. Let q be k(f). What is the highest common divisor of 85 and q?
17
Let r = -14 + 16. Suppose -y + 2*y = -r*x + 187, 3*x - 4*y - 308 = 0. What is the highest common factor of 12 and x?
12
Suppose -5 = -5*l - 0, 4*n + 2*l - 54 = 0. Let q be (-52)/(-6)*(-12)/(-8). What is the highest common divisor of q and n?
13
Suppose 2*q - 18 = -0*q. Calculate the greatest common factor of 9 and q.
9
Suppose 7*d + 6 = 4*d. Let v be 2/d*-11*11. What is the highest common factor of v and 11?
11
Let n(d) = 19*d**2 + 2*d. Let f be n(-1). Calculate the highest common divisor of 17 and f.
17
Suppose 3*h + 2*x - 38 = x, h + x = 16. Calculate the greatest common divisor of h and 121.
11
Let k be -266*(-2)/(-4)*(-4)/14. Calculate the highest common divisor of 19 and k.
19
Let y = -52 - -74. Suppose 2*p = y + 50. What is the highest common factor of p and 24?
12
Let o be 2/((-3)/(-36)*2). What is the greatest common divisor of 18 and o?
6
Let b be 21 + 8*3/(-6). What is the highest common factor of 136 and b?
17
Suppose 20*w - 84 = 17*w. What is the greatest common factor of 196 and w?
28
Suppose 4*h = m + 3, -4*h + 91 = 5*m + 10. What is the highest common divisor of m and 52?
13
Let h = 25 - 11. What is the highest common divisor of 7 and h?
7
Suppose -35 = c - 266. What is the highest common divisor of c and 21?
21
Suppose -24 = 3*q - 186. Calculate the highest common factor of q and 6.
6
Let j = -24 - -37. What is the highest common factor of 104 and j?
13
Let t be (-2)/(-11) - (-2808)/44. What is the greatest common divisor of 32 and t?
32
Suppose w - 31 + 10 = 5*v, w = 3*v + 25. Let i = 52 - w. Calculate the greatest common divisor of 3 and i.
3
Let q(d) = -d**3 - 5*d**2 + 7*d + 4. Let p be q(-6). Let b be -11*(-2 - p/2). Calculate the greatest common divisor of b and 11.
11
Let q(v) = 152*v**2 - 3*v + 3. Let y be q(1). What is the greatest common factor of y and 19?
19
Let d(i) = -8*i - 2. Let s be d(-7). Suppose t - s + 8 = -5*q, 2*q + 4*t = 22. Suppose 0 = -5*h + 5. What is the greatest common divisor of q and h?
1
Let q be 538/5 + (-2)/(-5). Let p = 22 - 10. Calculate the greatest common factor of q and p.
12
Let d be (-2)/(-5) - 68/20. Let t be (-5)/(-1) - (4 + d). Let j be (1 - -12) + t/(-2). What is the highest common factor of j and 88?
11
Suppose -5*f = -3*l - 8*f + 81, -3*l - f + 81 = 0. Suppose 0 = -k - 2, 0 = -u + 3*k - 7 + 22. Calculate the highest common divisor of u and l.
9
Suppose 5*u - 16 = 4. Suppose -u*z + 27 = -z. Let t = 60 - 33. What is the highest common divisor of z and t?
9
Let z(d) = 13*d + 5. Let y be z(7). Calculate the highest common divisor of 12 and y.
12
Let c be -1 - (2 - (0 - -4)). Let x be c/(-2)*(-73 - 5). Calculate the greatest common divisor of 13 and x.
13
Let a = 0 + 14. Suppose y + y = -14. Let x = a + y. Calculate the greatest common divisor of x and 1.
1
Let z be -1 + 3 + (64 - 1). Suppose 5*q + 4 + 12 = -p, 2*q = 3*p + z. Let r be (-1)/4 - p/4. Calculate the greatest common factor of 5 and r.
5
Let a(l) = -l**3 + 11*l**2 - 10*l - 12. Let q be a(9). Calculate the greatest common factor of q and 15.
15
Let k be 3/(-3*1/(-204)). Calculate the greatest common divisor of k and 34.
34
Suppose -11 + 75 = t. Suppose -u + 3*i + 19 = 0, 2*i = -i - 15. Suppose -v + 40 = u*v. Cal